{"id":14,"date":"2023-04-27T10:37:29","date_gmt":"2023-04-27T10:37:29","guid":{"rendered":"https:\/\/staging.la-pommeraie.be\/?page_id=14"},"modified":"2023-04-29T09:45:03","modified_gmt":"2023-04-29T09:45:03","slug":"service-residentiel","status":"publish","type":"page","link":"https:\/\/la-pommeraie.be\/index.php\/service-residentiel\/","title":{"rendered":"Service r\u00e9sidentiel"},"content":{"rendered":"\n<figure class=\"wp-block-image size-large\"><img loading=\"lazy\" decoding=\"async\" width=\"1024\" height=\"577\" src=\"https:\/\/la-pommeraie.be\/wp-content\/uploads\/2023\/04\/pommeraie-couleur-1024x577.jpg\" alt=\"\" class=\"wp-image-42\" srcset=\"https:\/\/la-pommeraie.be\/wp-content\/uploads\/2023\/04\/pommeraie-couleur-1024x577.jpg 1024w, https:\/\/la-pommeraie.be\/wp-content\/uploads\/2023\/04\/pommeraie-couleur-300x169.jpg 300w, https:\/\/la-pommeraie.be\/wp-content\/uploads\/2023\/04\/pommeraie-couleur-768x433.jpg 768w, https:\/\/la-pommeraie.be\/wp-content\/uploads\/2023\/04\/pommeraie-couleur-1536x865.jpg 1536w, https:\/\/la-pommeraie.be\/wp-content\/uploads\/2023\/04\/pommeraie-couleur-1568x883.jpg 1568w, https:\/\/la-pommeraie.be\/wp-content\/uploads\/2023\/04\/pommeraie-couleur.jpg 1640w\" sizes=\"auto, (max-width: 1024px) 100vw, 1024px\" \/><\/figure>\n\n\n\n<div class=\"wp-block-group alignwide\"><div class=\"wp-block-group__inner-container is-layout-constrained wp-block-group-is-layout-constrained\">\n<p><em>La Pommeraie, pr\u00e9vue pour h\u00e9berger 34 personnes, est organis\u00e9e en 3 foyers. Chacun de ceux-ci est \u00e9quip\u00e9 d\u2019une salle de s\u00e9jour avec une cuisine attenante, de chambres individuelles, de salles de bains et de locaux utilitaires (tels que d\u00e9barras).<\/em>&nbsp; <br><\/p>\n\n\n\n<p><em>Chaque foyer comprend \u00e9galement une grande terrasse et une entr\u00e9e ind\u00e9pendante.&nbsp; En outre, la maison est dot\u00e9e de locaux de soins sp\u00e9cialis\u00e9s (kin\u00e9sith\u00e9rapie, cabinet m\u00e9dical), administratifs et de services (cuisine, garages, buanderie).<\/em><\/p>\n\n\n\n<p class=\"has-text-align-left\" style=\"padding-top:0;padding-right:0;padding-bottom:0;padding-left:0\">Le b\u00e2timent, construit de plain-pied, est implant\u00e9 dans un verger de plus d&rsquo;un hectare, ce qui permet diverses activit\u00e9s comme le sport, le jardinage et la d\u00e9tente.&nbsp; A l\u2019avant de la propri\u00e9t\u00e9, la Pommeraie dispose de locaux occup\u00e9s par les ateliers.<\/p>\n\n\n\n<p>Ce lieu de vie est aussi le lieu de travail pour le personnel dont les actions s&rsquo;accordent avec les diff\u00e9rents services que propose l&rsquo;institution.&nbsp; Pour autant qu&rsquo;ils aient la possibilit\u00e9 de s&rsquo;ajuster r\u00e9ciproquement au projet institutionnel, le personnel et les r\u00e9sidents cr\u00e9ent ainsi un milieu de vie qui s\u2019illustre dans les diff\u00e9rentes structures mises en place.<\/p>\n<\/div><\/div>\n\n\n\n<p><\/p>\n\n\n\n<p>Les diff\u00e9rentes \u00e9quipes prennent en charge quotidiennement chaque r\u00e9sident au niveau de l&rsquo;hygi\u00e8ne, de l&rsquo;alimentation, de la sant\u00e9 physique et mentale et de l&rsquo;accompagnement dans les activit\u00e9s.<\/p>\n\n\n\n<p>Par un travail individuel, de r\u00e9flexion et d\u2019\u00e9changes avec la personne sur son projet de vie et ses projets ponctuels, les \u00e9ducateurs construisent jour apr\u00e8s jour un espace relationnel.<\/p>\n\n\n\n<h2 class=\"wp-block-heading\">Le foyer bleu<\/h2>\n\n\n\n<p>Le foyer bleu accueille des personnes polyhandicap\u00e9es et\/ou vieillissantes ne pouvant assumer seules la satisfaction de leurs besoins fondamentaux.&nbsp; Ceux-ci repr\u00e9sentent les 2 premiers niveaux de la pyramide des besoins.<\/p>\n\n\n\n<p>A savoir&nbsp;;<\/p>\n\n\n\n<ul class=\"wp-block-list\">\n<li>besoin du maintien de la vie (besoins physiologiques de base&nbsp;:la faim, la soif, le sommeil, la douleur,\u2026)<\/li>\n\n\n\n<li>besoin de protection et de s\u00e9curit\u00e9&nbsp;:<\/li>\n\n\n\n<li>en r\u00e9duisant ou en \u00e9cartant, dans la mesure du possible, les dangers qui menacent le corps, la vie (la maladie, le risque d\u2019accident,\u2026)<\/li>\n\n\n\n<li>en mettant en place un environnement tant mat\u00e9riel que professionnel qui vise une certaine qualit\u00e9 de vie, qui permet \u00e0 la personne de se sentir en confiance, de b\u00e9n\u00e9ficier d\u2019exp\u00e9riences&nbsp; nouvelles, d\u2019avoir des rep\u00e8res dans sa relation \u00e0 l\u2019autre,\u2026<\/li>\n<\/ul>\n\n\n\n<p>La prise en charge est la plus individualis\u00e9e possible, tenant compte du rythme de chacun.&nbsp; Elle se fait dans la proximit\u00e9 en respectant l\u2019intimit\u00e9 et la limite de chacun.<br>Une attention toute particuli\u00e8re est apport\u00e9e \u00e0 l\u2019aspect sant\u00e9 de ces personnes, en insistant sur l\u2019aspect pr\u00e9ventif (mise en place d\u2019un cadre de vie favorable, utilisation d\u2019outils d\u2019observation sp\u00e9cifiques, de techniques adapt\u00e9es \u00e0 la manutention, \u2026).&nbsp;<\/p>\n\n\n\n<p>L\u2019inclusion d\u2019un personnel soignant au sein de l\u2019\u00e9quipe \u00e9ducative permet d\u2019apporter un accompagnement plus complet au quotidien. En effet, des regards diff\u00e9rents (soins, \u00e9ducateurs) enrichissent la prise en charge, qui elle est, commune et indiff\u00e9renci\u00e9e.<\/p>\n\n\n\n<h2 class=\"wp-block-heading\">Le foyer vert<\/h2>\n\n\n\n<p>Le foyer vert accompagne des personnes capables ou susceptibles de pouvoir s\u2019inscrire dans un sch\u00e9ma d\u2019actions et de r\u00e9flexion. Ce sch\u00e9ma l\u2019am\u00e8nera vers un maximum d\u2019autonomie sociale, physique et intellectuelle dans sa propre prise en charge. Ce sch\u00e9ma tiendra compte des potentialit\u00e9s et des comp\u00e9tences de chaque individu dans l\u2019accompagnement quotidien.<\/p>\n\n\n\n<p>Le foyer vert tente d\u2019inscrire chacun dans une reconnaissance de ses forces et besoins afin qu\u2019il puisse se sentir reconnu par ses pairs, sa famille et les membres de l\u2019\u00e9quipe.<\/p>\n\n\n\n<p>L\u2019\u00e9quipe am\u00e8nera autant que possible le r\u00e9sident \u00e0 \u00eatre ACTEUR DE SA PROPRE VIE.<\/p>\n\n\n\n<p>Pour parvenir \u00e0 cet objectif principal, l\u2019accompagnement ne cr\u00e9era pas de d\u00e9pendance envers l\u2019\u00e9ducateur mais le travail consistera \u00e0 amener le r\u00e9sident \u00e0&nbsp;:<\/p>\n\n\n\n<ul class=\"wp-block-list\">\n<li>Trouver ses propres solutions face \u00e0 d\u2019\u00e9ventuels probl\u00e8mes;<\/li>\n\n\n\n<li>Apprendre \u00e0 faire face aux difficult\u00e9s quotidiennes;<\/li>\n\n\n\n<li>Poser des choix individuels et personnels.<\/li>\n<\/ul>\n\n\n\n<p>Le besoin de r\u00e9alisation de soi passe par un d\u00e9sir de r\u00e9ussite, de d\u00e9passement de soi, de confiance en soi, de reconnaissance et de distanciation par rapport aux pairs, \u00e0 l\u2019\u00e9quipe \u00e9ducative et la famille. Le foyer tentera d\u2019aboutir \u00e0 un \u00e9panouissement personnel en concordance avec une vie de groupe communautaire.<\/p>\n\n\n\n<h2 class=\"wp-block-heading\">Le foyer rouge<\/h2>\n\n\n\n<p>Le foyer rouge accueille les personnalit\u00e9s qui ne d\u00e9pendent \u00ab&nbsp;plus&nbsp;\u00bb ou d\u00e9pendent moins de l\u2019autre pour satisfaire leurs besoins fondamentaux de survie et de s\u00e9curit\u00e9.<\/p>\n\n\n\n<p>L\u2019individu va apprendre \u00e0 s\u2019int\u00e9grer au groupe et \u00e0 la vie en groupe. L\u2019apprentissage de la vie en groupe (en soci\u00e9t\u00e9) n\u00e9cessite une organisation, de l\u2019anticipation, une structuration du temps et de l\u2019espace.<\/p>\n\n\n\n<p>Le respect de certaines r\u00e8gles et de la place de chacun permet des relations enrichissantes et la construction d\u2019une image de soi satisfaisante.<\/p>\n\n\n\n<p>Le foyer rouge travaille donc \u00e0 l\u2019\u00e9panouissement personnel afin d\u2019aider les r\u00e9sidents accueillis \u00e0 acqu\u00e9rir des attitudes \u00e0 s\u2019adapter, au moins partiellement, \u00e0 la vie en communaut\u00e9.<\/p>\n\n\n\n<p>Les objectifs du foyer rouge r\u00e9pondent \u00e0 diff\u00e9rents profils. Les personnes souffrant d\u2019un trouble du spectre de l\u2019autisme correspondent \u00e9videmment \u00e0 cet encadrement. De plus en plus, l\u2019accompagnement a suscit\u00e9 la recherche et la mise en place d\u2019outils comme le comportementalisme, le profil sensoriel, le snoezelen, l\u2019utilisation des pictos, de lignes du temps, d\u2019apprentissage d\u2019activit\u00e9s fonctionnelles, la structuration \u00ab&nbsp;espace-temps&nbsp;\u00bb.<\/p>\n\n\n\n<p>Parall\u00e8lement \u00e0 ce travail de structuration, une des missions du foyer rouge est d\u2019accompagner le r\u00e9sident vers une certaine autonomie dans la vie quotidienne.<\/p>\n\n\n\n<p>Pour toutes demandes de renseignements, contacter Ludmila Sl\u00e9gers (assistante sociale) au 085.241474<\/p>\n","protected":false},"excerpt":{"rendered":"<p>La Pommeraie, pr\u00e9vue pour h\u00e9berger 34 personnes, est organis\u00e9e en 3 foyers. Chacun de ceux-ci est \u00e9quip\u00e9 d\u2019une salle de s\u00e9jour avec une cuisine attenante, de chambres individuelles, de salles de bains et de locaux utilitaires (tels que d\u00e9barras).&nbsp; Chaque foyer comprend \u00e9galement une grande terrasse et une entr\u00e9e ind\u00e9pendante.&nbsp; En outre, la maison est&hellip; <a class=\"more-link\" href=\"https:\/\/la-pommeraie.be\/index.php\/service-residentiel\/\">Poursuivre la lecture <span class=\"screen-reader-text\">Service r\u00e9sidentiel<\/span><\/a><\/p>\n","protected":false},"author":1,"featured_media":0,"parent":0,"menu_order":0,"comment_status":"closed","ping_status":"closed","template":"","meta":{"footnotes":""},"class_list":["post-14","page","type-page","status-publish","hentry","entry"],"_links":{"self":[{"href":"https:\/\/la-pommeraie.be\/index.php\/wp-json\/wp\/v2\/pages\/14","targetHints":{"allow":["GET"]}}],"collection":[{"href":"https:\/\/la-pommeraie.be\/index.php\/wp-json\/wp\/v2\/pages"}],"about":[{"href":"https:\/\/la-pommeraie.be\/index.php\/wp-json\/wp\/v2\/types\/page"}],"author":[{"embeddable":true,"href":"https:\/\/la-pommeraie.be\/index.php\/wp-json\/wp\/v2\/users\/1"}],"replies":[{"embeddable":true,"href":"https:\/\/la-pommeraie.be\/index.php\/wp-json\/wp\/v2\/comments?post=14"}],"version-history":[{"count":10,"href":"https:\/\/la-pommeraie.be\/index.php\/wp-json\/wp\/v2\/pages\/14\/revisions"}],"predecessor-version":[{"id":142,"href":"https:\/\/la-pommeraie.be\/index.php\/wp-json\/wp\/v2\/pages\/14\/revisions\/142"}],"wp:attachment":[{"href":"https:\/\/la-pommeraie.be\/index.php\/wp-json\/wp\/v2\/media?parent=14"}],"curies":[{"name":"wp","href":"https:\/\/api.w.org\/{rel}","templated":true}]}}